 5*x + t, -17 = -4*x - t. Let o(h) = x*b(h) + v(h). Suppose 3*u = -3*p + 20 + 4, p = 2. Determine o(u).
-2
Let z(r) be the second derivative of -r**4/12 + r**3/6 - 5*r**2/2 - 14*r + 147. Let x be (1 + 3/(-1))*-1. Let t = x + -2. What is z(t)?
-5
Let r(o) = 5*o**3 + o**2 - 9*o - 3. Let l(v) = -14*v**3 - 4*v**2 + 27*v + 8. Let y(h) = 6*l(h) + 17*r(h). Determine y(5).
-8
Let s(f) = -70*f + 41*f + 33*f + 3. Let c(j) = 21*j + 16. Let x = 16 - 27. Let v(q) = x*s(q) + 2*c(q). Give v(4).
-9
Let u(v) = v**2 - 5*v + 3. Let t = 9 - 2. Suppose -69 = -t*c + 4*c. Suppose -w + 21 = 4*n, c = 4*n - 0*w + 3*w. Give u(n).
3
Let v = -2 - -16. Let t(u) = 2*u**3 + 13*u - v - 3*u**3 + 33*u**2 - 18*u**2 + 2*u**3. What is t(-14)?
0
Let i = 54 - 52. Let g(n) = n**3 - 51 + 0*n**3 + 3*n + 50 - 5*n**i. Suppose 8 = -3*f - 5*t, 2*f + 4*t = -7 - 1. Determine g(f).
-5
Let n(x) = -x**2 - 10*x + 16. Let t = -804 - -793. Give n(t).
5
Suppose 31*i = 26*i + 20. Suppose -u = 1, -i*u = 7*x - 2*x + 19. Let t(s) = s**3 + s**2 - 4*s - 4. Give t(x).
-10
Let w(z) be the third derivative of 1/60*z**5 + 0 + 0*z - 2/3*z**3 - 19*z**2 + 1/6*z**4. Give w(-3).
-7
Let t(p) = p**2 + 4*p - 4. Let c be t(-5). Suppose 2*v + 10 = 4*x + 38, -v - 4*x + 20 = 0. Let l(b) = c + 5 - 15*b + v*b. Give l(-7).
-1
Let m(r) = 6*r + 18. Let g(u) = -3*u - 9. Suppose -3*t - 3*i - 3 = 0, 21 = 3*t + i - 6*i. Let y(q) = t*m(q) + 5*g(q). Let o = -31 - -25. Determine y(o).
9
Let l(f) = -2*f + 9. Suppose -30*k + 22*k = -64. What is l(k)?
-7
Let u(n) = 4*n + 50*n**2 + 69*n**3 - 51*n**2 - 68*n**3 - 6*n. Suppose 5*q - 26 = 9. Let k(y) = -y**3 + 7*y**2 + 2. Let j be k(q). Give u(j).
0
Let d(r) = 5*r - 15. Let l be d(6). Let q = -14 + l. Let y(j) = 3*j**2 + q + 11*j**3 - 4 - 10*j**3 - 5*j. What is y(-4)?
1
Suppose 0 = 2*a + 4*z + 6, -5*a + 3*z + 20 = -4. Suppose -2*j + 6 = 3*h, 3*j + 2 = -2*h + a*h. Let b(c) = -c**2 + 2*c - 1. What is b(h)?
-1
Let g(i) be the third derivative of i**6/360 - i**5/24 - i**4/8 + 5*i**3/2 + 6*i**2. Let p(z) be the first derivative of g(z). Determine p(6).
3
Let g(d) = 2*d + 4. Suppose s + 6 = -s. Let x be (-10 + 1)*s/(-9). What is g(x)?
-2
Suppose 0*c - 2*d - 18 = 2*c, -c - 15 = 3*d. Let x(m) = m**2 + 4*m + 1. Give x(c).
13
Suppose 2*m = -10 - 0. Let v(b) = -b**3 - 4*b**2 + 5*b + 1. Let z be v(m). Let d be (z + 0)/(1/6). Let o(p) = -p + 2. Determine o(d).
-4
Let j(c) be the third derivative of c**8/6720 - c**7/840 - 7*c**4/24 + 11*c**2. Let g(d) be the second derivative of j(d). Calculate g(3).
0
Let w(g) = 0 + 0 - 1 + g. Let o(h) = h**2 - h + 14. Let s(x) = -x**2 + x - 15. Let d(b) = -7*o(b) - 6*s(b). Let y(k) = -d(k) + 5*w(k). What is y(-4)?
3
Let t(v) = 29*v**2 - 11*v - 13. Let u(q) = 5*q**2 + 1. Let y(b) = -t(b) + 6*u(b). Give y(-9).
1
Let j = -20 - -22. Let u(n) = -4*n - j - n**2 + 6 + 1 - 2. What is u(2)?
-9
Let d(g) = -25*g**3 + 6*g**2 - 7*g + 5. Let z = 29 - 35. Let w(l) = 26*l**3 - 7*l**2 + 8*l - 6. Let m(o) = z*w(o) - 7*d(o). Calculate m(-1).
-19
Suppose 2*p + 11*p - 91 = 0. Suppose p*g = -2*g - 72. Let y(v) = -v**2 - 11*v - 12. Give y(g).
12
Let s = 47 + -47. Let y(p) = p + 3 + 0 + s*p + 1. Give y(0).
4
Suppose -6 + 20 = 2*b. Let q = b + -10. Let l(g) be the first derivative of g**3/3 - 3*g + 1. Determine l(q).
6
Let i be (-4)/(-3)*(-51)/17 - -4. Let a(z) be the first derivative of -z**2/2 - z + 1. Let t be a(i). Let s(r) = 4*r - 1. Calculate s(t).
-5
Let x(v) be the third derivative of v**8/1120 + 3*v**4/8 - 9*v**2. Let i(m) be the second derivative of x(m). Determine i(1).
6
Suppose 0*b - 7 = -5*b + 4*a, 0 = -b + a + 2. Let z(f) = -3*f**3 + f**2 - f - 2. Calculate z(b).
3
Let h(i) be the second derivative of i**5/20 - 17*i**2/2 - 18*i + 2. Let l be (6 - 6)/(1*-1). Give h(l).
-17
Let z(p) be the second derivative of -p**3/6 - p**2 + p. Let t(a) = a**3 - 8*a**2 - 7*a - 13. Let n be t(9). Suppose -v = -n*v - 24. What is z(v)?
4
Suppose -8 = -13310*t + 13311*t. Let g(k) = 4*k**2 + 12*k + 5. Let m(j) = -11*j**2 - 36*j - 16. Let h(d) = -8*g(d) - 3*m(d). What is h(t)?
-24
Let j(o) be the third derivative of 7*o**4/24 + o**3/6 - 31*o**2 - o. Calculate j(-1).
-6
Let f(c) = 3*c**2 + 6*c - 2. Let s(m) = -m**3 - 22*m**2 - 19*m + 31. Let t be s(-21). Let k(n) = 8*n**2 + 17*n - 5. Let h(a) = t*f(a) + 4*k(a). Give h(-3).
-13
Suppose 16*r = -9*r - 175. Let m(g) = 5*g**3 - 6*g**2 + 5*g - 10. Let u(k) = -14*k**3 + 18*k**2 - 15*k + 29. Let t(j) = 17*m(j) + 6*u(j). Calculate t(r).
-10
Let q(a) = 7*a - 2. Let j(l) = 6 - 7*l + 0*l - 2*l + l**2. Let r = -670 - -678. Let b be j(r). Give q(b).
-16
Suppose -3*b - 2 = 7. Let n be (0 + 1)*(0 + b). Let o(x) be the second derivative of x**5/20 + x**4/6 - 2*x**3/3 - 3*x**2/2 - 24*x. Determine o(n).
0
Let v(c) = -c**2 - 2 - 4*c + 2*c + 5. Let q be 50/30 - (-4)/(-12)*-1. Calculate v(q).
-5
Let z(p) = p**3 + 5*p**2 - 3. Let y(j) = -j - 1. Let b(r) = -2*y(r) + z(r). Suppose 2 + 6 = -2*u. Give b(u).
7
Let h(r) = r**3 + r - 1. Let j(a) = 6*a**3 - 8*a**2 - 5*a - 4. Suppose 3*u + u - 12 = 0, -l - 3*u + 8 = 0. Let c(m) = l*j(m) + 5*h(m). Give c(9).
8
Suppose -6*i + 10*i = 24. Let t be 45/i*(-8)/(-12). Let c(l) = -4 + 3 - 2 - 4*l**3 + t*l**3 - 4*l + 3*l**2. Determine c(-4).
-3
Let t(u) be the second derivative of -1/12*u**4 + 0 + 0*u**2 + u + 5/6*u**3. Suppose -5*i + 0*b + 17 = 2*b, -4*b = 2*i - 10. Calculate t(i).
6
Let q(u) = -10*u + 3*u**2 + 258 - 2*u**2 - 244. Calculate q(9).
5
Suppose -2*i - 10 = 2. Let j(c) = 5 - 4*c - 2*c**2 + 3*c - 5*c**2. Let w(r) = 20*r**2 + 3*r - 14. Let q(z) = i*w(z) - 17*j(z). What is q(-2)?
-3
Let a(q) be the second derivative of 3*q**4/2 - q**2/2 - q. What is a(-1)?
17
Let c(t) be the first derivative of t**3/3 + 7*t**2/2 - 2*t + 268. Give c(-8).
6
Let b(t) be the second derivative of t**4/12 + 3*t**3/2 - 7*t**2/2 - t + 46. Calculate b(-5).
-27
Let n = 42 + -26. Let i = n + -14. Let r(f) = -5 + f**i + 25*f - 14*f - 14*f. Give r(5).
5
Let h(u) = -21*u + 12 + 49*u - 38*u - u**2. Give h(-10).
12
Let f(k) = k**2 - 7*k - 62. Let d be f(12). Let s(v) = -4*v**2 + 3*v + 3. Give s(d).
-19
Let b(j) = j**3 + 3*j**2 - 2. Let x be b(-2). Let v be (3/x - 1)*(9 + -3). Let i(n) = n**3 - 3*n**2 - 2*n + 4. Determine i(v).
-2
Suppose 1 - 3 = -i. Let q(w) = -6 + 5 + 4*w - 6*w**2 - 3*w - 3*w**i. What is q(1)?
-9
Let f(b) = 7*b + 4. Let a be ((-8)/32)/(4/48). What is f(a)?
-17
Let m(t) = -2*t**3 - t**2 + 16*t - 13. Let p(b) = -b**3 + 7*b - 6. Let g(j) = 3*m(j) - 7*p(j). Suppose 0 = r + 2 - 3. Let k be 4 + (-2 + r - 0). Calculate g(k).
0
Suppose 3 = 2*p - 13. Suppose 4*f + 2*c - 14 = f, 0 = -4*c - p. Let o(y) be the third derivative of -y**6/120 + y**5/10 - 7*y**3/6 + y**2. Determine o(f).
-7
Let y(z) = -z**2 - z. Let b be ((-2)/(2 - 1))/(-1). Let s(x) = -13*x - 1 + b*x**2 - 2 + 12*x. Let n(w) = -s(w) - 3*y(w). What is n(-2)?
-1
Let d = -3 + 5. Let v(w) = -6*w + 0*w**d + w + w**2 + 6. Let f(y) = y**2 - 47*y + 515. Let l be f(17). Give v(l).
6
Let v(w) be the first derivative of w**4/12 - w**3/2 - 15*w**2/2 + 24. Let f(z) be the second derivative of v(z). Determine f(2).
1
Let x(p) = -14*p - 12. Let v(u) = 26*u + 23. Let j(r) = 6*v(r) + 11*x(r). Give j(5).
16
Let n = 3 - 3. Let a(g) be the second derivative of g**4/12 - 3*g**2 + 5*g - 39. Calculate a(n).
-6
Let p be -6*(21/6 + -3). Let j(t) = 3*t + 10. Let u(s) = -4*s - 11. Let y(m) = p*j(m) - 2*u(m). What is y(-4)?
-4
Let t be (9 - 39/4)/((-1)/4). Let h(a) be the third derivative of 0*a - 1/40*a**6 - 1/6*a**t + 1/24*a**4 - 1/60*a**5 + 0 + a**2. Determine h(1).
-4
Let a(i) be the third derivative of -5*i**4/12 + i**3/3 - 101*i**2. Suppose 3*j = 3*b - 12, -3 = 2*j + 1. Calculate a(b).
-18
Let j = 44 - 24. Let t(g) = 17 - 4*g + 3*g - j. Calculate t(5).
-8
Let s(q) = 2*q - 13. Let k(i) be the first derivative of -i**3/3 - 7*i**2/2 + 10*i + 18. Let a be k(-7). Give s(a).
7
Let j be -1*(0 + -8) - (1 - -2). Suppose -16*v + 11*v - j = 0. Let i(y) = 24*y + 1. Determine i(v).
-23
Let v(x) = -3*x + 4. Suppose 8 - 33 = -5*i. Suppose 3*t = 4 + i. Suppose -c + 6*c = t*o + 24, -4*c + 6 = 2*o. What is v(o)?
13
Suppose 7*a + 0 = 35. Suppose 2*y = 5*z + 4*y + 7, -4*z = y + a. Let h(m) = -3 + m**2 + 3*m + 4 - m. What is h(z)?
0
Let u(f) = -2*f + 2. Let b(m) = -m**3 + 6*m**2 - 9*m + 18. Let w be b(4). Suppose 3*r - w = -2. What is